ainder when 58694 is divided by 3089.
3
Calculate the remainder when 48544 is divided by 186.
184
Calculate the remainder when 3082 is divided by 307.
12
Calculate the remainder when 13647 is divided by 4544.
15
What is the remainder when 35848 is divided by 355?
348
What is the remainder when 4884837 is divided by 1080?
1077
Calculate the remainder when 674 is divided by 187.
113
Calculate the remainder when 75838 is divided by 30.
28
Calculate the remainder when 21932 is divided by 213.
206
Calculate the remainder when 187222 is divided by 62402.
16
What is the remainder when 454 is divided by 77?
69
What is the remainder when 51447 is divided by 59?
58
Calculate the remainder when 172960 is divided by 44.
40
What is the remainder when 6244 is divided by 730?
404
What is the remainder when 54394 is divided by 6042?
16
What is the remainder when 4195 is divided by 3902?
293
What is the remainder when 80433 is divided by 80407?
26
Calculate the remainder when 18544 is divided by 127.
2
What is the remainder when 3822 is divided by 126?
42
What is the remainder when 809095 is divided by 89?
85
Calculate the remainder when 451 is divided by 112.
3
What is the remainder when 928003 is divided by 308?
307
What is the remainder when 20642 is divided by 1935?
1292
What is the remainder when 7566 is divided by 27?
6
What is the remainder when 1556 is divided by 20?
16
Calculate the remainder when 4557 is divided by 1865.
827
What is the remainder when 53148 is divided by 21?
18
Calculate the remainder when 190982 is divided by 90.
2
What is the remainder when 144786 is divided by 2263?
2217
Calculate the remainder when 10999 is divided by 30.
19
Calculate the remainder when 30236 is divided by 16.
12
Calculate the remainder when 18079 is divided by 9029.
21
Calculate the remainder when 474103 is divided by 59.
38
Calculate the remainder when 7056 is divided by 641.
5
Calculate the remainder when 856900 is divided by 102.
100
What is the remainder when 1707 is divided by 221?
160
What is the remainder when 1548 is divided by 25?
23
What is the remainder when 61316 is divided by 51?
14
What is the remainder when 14676 is divided by 367?
363
What is the remainder when 505 is divided by 68?
29
What is the remainder when 108958 is divided by 9902?
36
What is the remainder when 70178 is divided by 2597?
59
What is the remainder when 7356 is divided by 803?
129
What is the remainder when 16062 is divided by 12?
6
Calculate the remainder when 23826 is divided by 14.
12
What is the remainder when 13659 is divided by 291?
273
What is the remainder when 1835 is divided by 13?
2
Calculate the remainder when 10280 is divided by 2049.
35
What is the remainder when 6762 is divided by 379?
319
What is the remainder when 14835 is divided by 513?
471
What is the remainder when 19090 is divided by 201?
196
What is the remainder when 1150997 is divided by 159?
155
What is the remainder when 130667 is divided by 23?
4
Calculate the remainder when 11390 is divided by 69.
5
Calculate the remainder when 6752 is divided by 562.
8
What is the remainder when 115533 is divided by 16?
13
Calculate the remainder when 9296 is divided by 3094.
14
Calculate the remainder when 34876 is divided by 810.
46
What is the remainder when 3009 is divided by 3009?
0
Calculate the remainder when 96161 is divided by 62.
61
What is the remainder when 141062 is divided by 22?
20
What is the remainder when 1168 is divided by 33?
13
What is the remainder when 28051 is divided by 9310?
121
What is the remainder when 9527 is divided by 149?
140
What is the remainder when 305101 is divided by 21?
13
What is the remainder when 3484 is divided by 57?
7
Calculate the remainder when 12444 is divided by 49.
47
What is the remainder when 17511 is divided by 3?
0
Calculate the remainder when 21039 is divided by 1106.
25
Calculate the remainder when 273591 is divided by 91197.
0
Calculate the remainder when 17478 is divided by 380.
378
Calculate the remainder when 446896 is divided by 218.
214
What is the remainder when 2927 is divided by 61?
60
Calculate the remainder when 164668 is divided by 16.
12
Calculate the remainder when 618873 is divided by 4.
1
What is the remainder when 26836 is divided by 55?
51
What is the remainder when 26824 is divided by 5303?
309
What is the remainder when 477772 is divided by 3?
1
What is the remainder when 288403 is divided by 288395?
8
Calculate the remainder when 494765 is divided by 44977.
18
Calculate the remainder when 18003 is divided by 383.
2
What is the remainder when 3705 is divided by 1229?
18
Calculate the remainder when 624 is divided by 158.
150
What is the remainder when 5745 is divided by 86?
69
Calculate the remainder when 7239 is divided by 3617.
5
What is the remainder when 219555 is divided by 73181?
12
What is the remainder when 126669 is divided by 112?
109
Calculate the remainder when 14795 is divided by 7379.
37
What is the remainder when 8055 is divided by 172?
143
What is the remainder when 2671 is divided by 2579?
92
Calculate the remainder when 1194 is divided by 738.
456
Calculate the remainder when 9005 is divided by 60.
5
Calculate the remainder when 474 is divided by 78.
6
Calculate the remainder when 5049 is divided by 505.
504
What is the remainder when 16408 is divided by 41?
8
Calculate the remainder when 16614 is divided by 789.
45
Calculate the remainder when 8527 is divided by 65.
12
Calculate the remainder when 999733 is divided by 689.
683
Calculate the remainder when 17291 is divided by 11.
10
Calculate the remainder when 732 is divided by 277.
178
Calculate the remainder when 70306 is divided by 368.
18
What is the remainder when 11112 is divided by 740?
12
What is the remainder when 16037 is divided by 213?
62
What is the remainder when 31237 is divided by 31109?
128
Calculate the remainder when 5212 is divided by 370.
32
Calculate the remainder when 51459 is divided by 9.
6
Calculate the remainder when 4032 is divided by 30.
12
What is the remainder when 10582 is divided by 569?
340
Calculate the remainder when 2097 is divided by 136.
57
Calculate the remainder when 112895 is divided by 29.
27
Calculate the remainder when 32844 is divided by 342.
12
Calculate the remainder when 2356897 is divided by 49.
46
What is the remainder when 43654 is divided by 408?
406
Calculate the remainder when 58814 is divided by 205.
184
What is the remainder when 220424 is divided by 2624?
8
What is the remainder when 20931 is divided by 73?
53
Calculate the remainder when 17296 is divided by 2877.
34
What is the remainder when 52451 is divided by 26?
9
What is the remainder when 3093 is divided by 218?
41
Calculate the remainder when 215117 is divided by 38.
37
Calculate the remainder when 1461 is divided by 726.
9
What is the remainder when 53276 is divided by 13317?
8
Calculate the remainder when 11388891 is divided by 1419.
1416
Calculate the remainder when 284423 is divided by 285.
278
Calculate the remainder when 49095 is divided by 679.
207
What is the remainder when 1967396 is divided by 69?
68
Calculate the remainder when 18881 is divided by 226.
123
Calculate the remainder when 572048 is divided by 673.
671
Calculate the remainder when 1812 is divided by 90.
12
Calculate the remainder when 3779 is divided by 535.
34
Calculate the remainder when 3281 is divided by 14.
5
What is the remainder when 25892566 is divided by 117?
115
What is the remainder when 480 is divided by 107?
52
Calculate the remainder when 50800 is divided by 407.
332
What is the remainder when 491 is divided by 3?
2
What is the remainder when 249990 is divided by 1724?
10
What is the remainder when 268 is divided by 3?
1
What is the remainder when 94972 is divided by 497?
45
Calculate the remainder when 15337 is divided by 15336.
1
Calculate the remainder when 448 is divided by 22.
8
What is the remainder when 230406 is divided by 78?
72
What is the remainder when 5382 is divided by 42?
6
What is the remainder when 15562 is divided by 458?
448
What is the remainder when 7644 is divided by 2321?
681
What is the remainder when 5447 is divided by 618?
503
Calculate the remainder when 236781 is divided by 236778.
3
Calculate the remainder when 5969 is divided by 423.
